{"id":567,"date":"2020-05-28T18:04:16","date_gmt":"2020-05-28T18:04:16","guid":{"rendered":"https:\/\/cifra2-cm.com\/?page_id=567"},"modified":"2024-07-10T10:31:50","modified_gmt":"2024-07-10T10:31:50","slug":"formacion-y-empleo","status":"publish","type":"page","link":"https:\/\/cifra2-cm.com\/index.php\/formacion-y-empleo\/","title":{"rendered":"Formaci\u00f3n Y Empleo"},"content":{"rendered":"<h4>Formaci\u00f3n y Empleo<\/h4>\n<h1>Informaci\u00f3n accesible a trav\u00e9s de la web de las instituciones y\/o editoriales implicados<\/h1>\n<h1>Ofertas de empleo activas (se notificar\u00e1n a trav\u00e9s del portal de empleo madri+d; <a href=\"https:\/\/mcyt.educa.madrid.org\/empleo\/ofertas-destacadas\/\">https:\/\/mcyt.educa.madrid.org\/empleo\/ofertas-destacadas\/<\/a>)<\/h1>\n<h1>\n<p><u>Oferta de empleo<\/u><\/p>\n<ul>\n<li>Personal investigador de apoyo<\/li>\n<li><strong>Empresa:<\/strong> Universidad de Alcal\u00e1-P2022\/BMD7223-CIFRA_COR_CM<\/li>\n<li><strong>Tipo de Contrato:<\/strong> Programas de Actividades de I+D de la CM (ref:53318)<\/li>\n<li>https:\/\/mcyt.educa.madrid.org\/empleo\/buscador\/oferta.asp<\/li>\n<\/ul>\n<\/h1>\n<div>\n<ul>\n<li>\u201cAlteraciones del equilibrio \u00e1cido-base\u201d por Alberto Tejedor Cap\u00edtulo para el Libro \u201cMedicina Interna\u201d de Farreras-Rozman. Elsevier, XIX edici\u00f3n. 2019<\/li>\n<li>\u201cNefropat\u00eda obstructiva y Nefropat\u00eda de Reflujo\u201d Por Alberto Tejedor Cap\u00edtulo para el Libro \u201cMedicina Interna\u201d de Farreras-Rozman. Elsevier, XIX edici\u00f3n. 2019<\/li>\n<li>Fisiopatolog\u00eda de la Hiponatremia Portal de Formaci\u00f3n en Hiponatremia <a href=\"http:\/\/www.formacionhiponatremia.com\/\">http:\/\/www.formacionhiponatremia.com\/<\/a> por Alberto Tejedor. Actualizaci\u00f3n permanente del personal sanitario en este campo<br \/>Hiponatremia Curso online sobre hiponatremia. Editorial EDITRAIN (Alberto Tejedor). Cap\u00edtulos 2, 4 y 6<\/li>\n<li>Advances and perspectives in molecular endocrinology Simposio UAM-CSIC<br \/>IX CURSO AVANCES EN NEFROLOG\u00cdA CL\u00cdNICA y X CURSO ACTUALIZACI\u00d3N EN DI\u00c1LISIS ADECUADA Nuevos avances cl\u00ednicos en el manejo de la enfermedad renal<\/li>\n<\/ul>\n<\/div>\n<div>\n<ul>\n<li dir=\"ltr\" data-setdir=\"false\">III CURSO AVANCES EN NEFROLOG\u00cdA CL\u00cdNICA y IX CURSO ACTUALIZACI\u00d3N EN DI\u00c1LISIS ADECUADA\u00a0\u00a0\u00a0 Nuevos avances cl\u00ednicos en el manejo de la enfermedad renal<\/li>\n<li dir=\"ltr\" data-setdir=\"false\">XLV ESAO Congress. New Organs for Life\u00a0\u00a0\u00a0 We hope to share with colleagues from all over the world the progress made in the field of artificial organs and allied spheres<\/li>\n<li dir=\"ltr\" data-setdir=\"false\">XLVIII Congreso de la Sociedad Espa\u00f1ola de Nefrolog\u00eda y IX Congreso Iberoamericano de Nefrolog\u00eda\u00a0\u00a0\u00a0 La reuni\u00f3n va a servir como un punto de encuentro profesional, cient\u00edfico y cultural de todos los nefr\u00f3logos de Iberoam\u00e9rica, Portugal y Espa\u00f1a a ambos lados del Atl\u00e1ntico<br \/>XVIII Ciclo de Seminarios del Instituto de Biomedicina de Sevilla (IBiS) \/ Hospital Universitario Virgen del Roc\u00edo (HUVR)\u00a0\u00a0\u00a0 ATHEROGENESIS AND VUNERABLE PLAQUE: A BIOMEDICAL IMAGING APPROACH<\/li>\n<li dir=\"ltr\" data-setdir=\"false\">CURSO DE EXPERTO UNIVERSITARIO EN AFERESIS TERAPEUTICAS\u00a0\u00a0\u00a0 Se trata de un curso te\u00f3rico-pr\u00e1ctico semipresencial distribuido en tres m\u00f3dulos que abarca todos los campos del conocimiento relaciona dos con la Af\u00e9resis Terap\u00e9utica.<\/li>\n<li dir=\"ltr\" data-setdir=\"false\">Master en Ciencias Biom\u00e9dicas UAM\u00a0\u00a0\u00a0 Biomedicina Molecular<br \/>Master in Pharmacological Research\u00a0\u00a0\u00a0 El objetivo principal del M\u00e1ster Universitario en Investigaci\u00f3n Farmacol\u00f3gica es iniciar la formaci\u00f3n de investigadores<\/li>\n<li dir=\"ltr\" data-setdir=\"false\">MASTER PROPIO UCM EN AFERESIS TERAPEUTICAS\u00a0\u00a0\u00a0 Se trata de un curso te\u00f3rico-pr\u00e1ctico presencial distribuido en tres m\u00f3dulos que abarca todos los campos del conocimiento relaciona dos con la Af\u00e9resis Terap\u00e9utica.<\/li>\n<li dir=\"ltr\" data-setdir=\"false\">MASTER PROPIO UCM EN AFERESIS TERAPEUTICAS\u00a0\u00a0\u00a0 Se trata de un curso te\u00f3rico-pr\u00e1ctico presencial distribuido en tres m\u00f3dulos que abarca todos los campos del conocimiento relacionados con la Af\u00e9resis Terap\u00e9utica.<\/li>\n<li dir=\"ltr\" data-setdir=\"false\">M\u00e1ster sobre Biolog\u00eda del Envejecimiento\u00a0\u00a0\u00a0 Mecanismos moleculares asociados al envejecimiento<\/li>\n<\/ul>\n<\/div>\n<div>\n<ul>\n<li>\n<div dir=\"ltr\" data-setdir=\"false\"><a class=\"\" href=\"http:\/\/formacion.senefro.org\/modules.php?name=elearning&amp;d_op=showcourse&amp;idcourse=24&amp;idconvocatoria=86\" target=\"_blank\" rel=\"nofollow noopener\">http:\/\/formacion.senefro.org\/modules.php?name=elearning&amp;d_op=showcourse&amp;idcourse=24&amp;idconvocatoria=86<\/a><\/div>\n<\/li>\n<li>\n<div dir=\"ltr\" data-setdir=\"false\"><a href=\"http:\/\/https\/\/bit.ly\/3ckEsHL\" target=\"_blank\" rel=\"nofollow noopener\">http:\/\/https\/\/bit.ly\/3ckEsHL<\/a><\/div>\n<\/li>\n<li>\n<div dir=\"ltr\" data-setdir=\"false\"><a class=\"\" href=\"http:\/\/era-edta2020.org\/\" target=\"_blank\" rel=\"nofollow noopener\">http:\/\/era-edta2020.org\/<\/a><\/div>\n<\/li>\n<li>\n<div dir=\"ltr\" data-setdir=\"false\"><a class=\"\" href=\"http:\/\/somane.org\/\" target=\"_blank\" rel=\"nofollow noopener\">http:\/\/somane.org\/<\/a><\/div>\n<\/li>\n<\/ul>\n<\/div>\n<p><!--more--><br \/>\n<!-- {\"type\":\"layout\",\"children\":[{\"name\":\"Ofertados\",\"type\":\"section\",\"props\":{\"style\":\"default\",\"width\":\"default\",\"vertical_align\":\"middle\",\"title_position\":\"top-left\",\"title_rotation\":\"left\",\"title_breakpoint\":\"xl\",\"image_position\":\"center-center\"},\"children\":[{\"type\":\"row\",\"children\":[{\"type\":\"column\",\"props\":{\"image_position\":\"center-center\",\"media_overlay_gradient\":\"\",\"width_medium\":\"1-1\",\"position_sticky_breakpoint\":\"m\"},\"children\":[{\"name\":\"\",\"type\":\"headline\",\"props\":{\"title_element\":\"h4\",\"content\":\"Formaci\\u00f3n y Empleo\",\"title_decoration\":\"bullet\",\"title_color\":\"danger\"}}]}]},{\"type\":\"row\",\"children\":[{\"type\":\"column\",\"props\":{\"image_position\":\"center-center\",\"media_overlay_gradient\":\"\",\"width_medium\":\"1-1\",\"position_sticky_breakpoint\":\"m\"},\"children\":[{\"name\":\"\",\"type\":\"headline\",\"props\":{\"title_element\":\"h1\",\"content\":\"Informaci\\u00f3n accesible a trav\\u00e9s de la web de las instituciones y\\\/o editoriales implicados\",\"title_style\":\"h6\",\"title_decoration\":\"bullet\",\"text_align\":\"left\"}}]}]},{\"type\":\"row\",\"children\":[{\"type\":\"column\",\"props\":{\"position_sticky_breakpoint\":\"m\",\"image_position\":\"center-center\",\"media_overlay_gradient\":\"\"},\"children\":[{\"name\":\"\",\"type\":\"headline\",\"props\":{\"title_element\":\"h1\",\"content\":\"Ofertas de empleo activas (se notificar\\u00e1n a trav\\u00e9s del portal de empleo madri+d; <a href=\\\"https:\\\/\\\/mcyt.educa.madrid.org\\\/empleo\\\/ofertas-destacadas\\\/\\\">https:\\\/\\\/mcyt.educa.madrid.org\\\/empleo\\\/ofertas-destacadas\\\/<\\\/a>)\",\"title_style\":\"h6\",\"title_decoration\":\"bullet\",\"text_align\":\"left\"}}]}]},{\"name\":\"\",\"type\":\"row\",\"children\":[{\"name\":\"\",\"type\":\"column\",\"props\":{\"image_position\":\"center-center\",\"style\":\"primary\",\"media_overlay_gradient\":\"\",\"width_medium\":\"1-1\",\"position_sticky_breakpoint\":\"m\"},\"children\":[{\"name\":\"\",\"type\":\"headline\",\"props\":{\"title_element\":\"h1\",\"content\":\"\n\n<p><u>Oferta de empleo<\\\/u><\\\/p>\\n\n\n<ul>\\n\n\n<li>Personal investigador de apoyo<\\\/li>\\n\n\n<li><strong>Empresa:<\\\/strong> Universidad de Alcal\\u00e1-P2022\\\/BMD7223-CIFRA_COR_CM<\\\/li>\\n\n\n<li><strong>Tipo de Contrato:<\\\/strong> Programas de Actividades de I+D de la CM (ref:53318)<\\\/li>\\n\n\n<li>https:\\\/\\\/mcyt.educa.madrid.org\\\/empleo\\\/buscador\\\/oferta.asp<\\\/li>\\n<\\\/ul>\",\"title_style\":\"h6\",\"margin_remove_top\":true,\"margin_remove_bottom\":true}}]}]},{\"name\":\"\",\"type\":\"row\",\"children\":[{\"name\":\"\",\"type\":\"column\",\"props\":{\"image_position\":\"center-center\",\"style\":\"muted\",\"media_overlay_gradient\":\"\",\"width_medium\":\"1-1\",\"position_sticky_breakpoint\":\"m\"},\"children\":[{\"type\":\"text\",\"props\":{\"margin\":\"default\",\"column_breakpoint\":\"m\",\"text_align\":\"left\",\"content\":\"\n\n<ul>\\n\n\n<li>\\u201cAlteraciones del equilibrio \\u00e1cido-base\\u201d por Alberto Tejedor Cap\\u00edtulo para el Libro \\u201cMedicina Interna\\u201d de Farreras-Rozman. Elsevier, XIX edici\\u00f3n. 2019<\\\/li>\\n\n\n<li>\\u201cNefropat\\u00eda obstructiva y Nefropat\\u00eda de Reflujo\\u201d Por Alberto Tejedor Cap\\u00edtulo para el Libro \\u201cMedicina Interna\\u201d de Farreras-Rozman. Elsevier, XIX edici\\u00f3n. 2019<\\\/li>\\n\n\n<li>Fisiopatolog\\u00eda de la Hiponatremia Portal de Formaci\\u00f3n en Hiponatremia <a href=\\\"http:\\\/\\\/www.formacionhiponatremia.com\\\/\\\">http:\\\/\\\/www.formacionhiponatremia.com\\\/<\\\/a> por Alberto Tejedor. Actualizaci\\u00f3n permanente del personal sanitario en este campo<br \\\/>Hiponatremia Curso online sobre hiponatremia. Editorial EDITRAIN (Alberto Tejedor). Cap\\u00edtulos 2, 4 y 6<\\\/li>\\n\n\n<li>Advances and perspectives in molecular endocrinology Simposio UAM-CSIC<br \\\/>IX CURSO AVANCES EN NEFROLOG\\u00cdA CL\\u00cdNICA y X CURSO ACTUALIZACI\\u00d3N EN DI\\u00c1LISIS ADECUADA Nuevos avances cl\\u00ednicos en el manejo de la enfermedad renal<\\\/li>\\n<\\\/ul>\"}}]}]},{\"type\":\"row\",\"children\":[{\"type\":\"column\",\"props\":{\"image_position\":\"center-center\",\"media_overlay_gradient\":\"\",\"style\":\"secondary\",\"width_medium\":\"1-1\",\"position_sticky_breakpoint\":\"m\"},\"children\":[{\"type\":\"text\",\"props\":{\"margin\":\"default\",\"column_breakpoint\":\"m\",\"content\":\"\n\n<ul>\\n\n\n<li dir=\\\"ltr\\\" data-setdir=\\\"false\\\">III CURSO AVANCES EN NEFROLOG\\u00cdA CL\\u00cdNICA y IX CURSO ACTUALIZACI\\u00d3N EN DI\\u00c1LISIS ADECUADA\\u00a0\\u00a0\\u00a0 Nuevos avances cl\\u00ednicos en el manejo de la enfermedad renal<\\\/li>\\n\n\n<li dir=\\\"ltr\\\" data-setdir=\\\"false\\\">XLV ESAO Congress. New Organs for Life\\u00a0\\u00a0\\u00a0 We hope to share with colleagues from all over the world the progress made in the field of artificial organs and allied spheres<\\\/li>\\n\n\n<li dir=\\\"ltr\\\" data-setdir=\\\"false\\\">XLVIII Congreso de la Sociedad Espa\\u00f1ola de Nefrolog\\u00eda y IX Congreso Iberoamericano de Nefrolog\\u00eda\\u00a0\\u00a0\\u00a0 La reuni\\u00f3n va a servir como un punto de encuentro profesional, cient\\u00edfico y cultural de todos los nefr\\u00f3logos de Iberoam\\u00e9rica, Portugal y Espa\\u00f1a a ambos lados del Atl\\u00e1ntico<br \\\/>XVIII Ciclo de Seminarios del Instituto de Biomedicina de Sevilla (IBiS) \\\/ Hospital Universitario Virgen del Roc\\u00edo (HUVR)\\u00a0\\u00a0\\u00a0 ATHEROGENESIS AND VUNERABLE PLAQUE: A BIOMEDICAL IMAGING APPROACH<\\\/li>\\n\n\n<li dir=\\\"ltr\\\" data-setdir=\\\"false\\\">CURSO DE EXPERTO UNIVERSITARIO EN AFERESIS TERAPEUTICAS\\u00a0\\u00a0\\u00a0 Se trata de un curso te\\u00f3rico-pr\\u00e1ctico semipresencial distribuido en tres m\\u00f3dulos que abarca todos los campos del conocimiento relaciona dos con la Af\\u00e9resis Terap\\u00e9utica.<\\\/li>\\n\n\n<li dir=\\\"ltr\\\" data-setdir=\\\"false\\\">Master en Ciencias Biom\\u00e9dicas UAM\\u00a0\\u00a0\\u00a0 Biomedicina Molecular<br \\\/>Master in Pharmacological Research\\u00a0\\u00a0\\u00a0 El objetivo principal del M\\u00e1ster Universitario en Investigaci\\u00f3n Farmacol\\u00f3gica es iniciar la formaci\\u00f3n de investigadores<\\\/li>\\n\n\n<li dir=\\\"ltr\\\" data-setdir=\\\"false\\\">MASTER PROPIO UCM EN AFERESIS TERAPEUTICAS\\u00a0\\u00a0\\u00a0 Se trata de un curso te\\u00f3rico-pr\\u00e1ctico presencial distribuido en tres m\\u00f3dulos que abarca todos los campos del conocimiento relaciona dos con la Af\\u00e9resis Terap\\u00e9utica.<\\\/li>\\n\n\n<li dir=\\\"ltr\\\" data-setdir=\\\"false\\\">MASTER PROPIO UCM EN AFERESIS TERAPEUTICAS\\u00a0\\u00a0\\u00a0 Se trata de un curso te\\u00f3rico-pr\\u00e1ctico presencial distribuido en tres m\\u00f3dulos que abarca todos los campos del conocimiento relacionados con la Af\\u00e9resis Terap\\u00e9utica.<\\\/li>\\n\n\n<li dir=\\\"ltr\\\" data-setdir=\\\"false\\\">M\\u00e1ster sobre Biolog\\u00eda del Envejecimiento\\u00a0\\u00a0\\u00a0 Mecanismos moleculares asociados al envejecimiento<\\\/li>\\n<\\\/ul>\"}}]}]},{\"type\":\"row\",\"children\":[{\"type\":\"column\",\"props\":{\"image_position\":\"center-center\",\"media_overlay_gradient\":\"\",\"style\":\"muted\",\"width_medium\":\"1-1\",\"position_sticky_breakpoint\":\"m\"},\"children\":[{\"type\":\"text\",\"props\":{\"margin\":\"default\",\"column_breakpoint\":\"m\",\"text_align\":\"left\",\"content\":\"\n\n<ul>\\n\n\n<li>\\n\n\n<div dir=\\\"ltr\\\" data-setdir=\\\"false\\\"><a class=\\\"\\\" href=\\\"http:\\\/\\\/formacion.senefro.org\\\/modules.php?name=elearning&amp;d_op=showcourse&amp;idcourse=24&amp;idconvocatoria=86\\\" target=\\\"_blank\\\" rel=\\\"nofollow noopener\\\">http:\\\/\\\/formacion.senefro.org\\\/modules.php?name=elearning&amp;d_op=showcourse&amp;idcourse=24&amp;idconvocatoria=86<\\\/a><\\\/div>\\n<\\\/li>\\n\n\n<li>\\n\n\n<div dir=\\\"ltr\\\" data-setdir=\\\"false\\\"><a href=\\\"http:\\\/\\\/https\\\/\\\/bit.ly\\\/3ckEsHL\\\" target=\\\"_blank\\\" rel=\\\"nofollow noopener\\\">http:\\\/\\\/https\\\/\\\/bit.ly\\\/3ckEsHL<\\\/a><\\\/div>\\n<\\\/li>\\n\n\n<li>\\n\n\n<div dir=\\\"ltr\\\" data-setdir=\\\"false\\\"><a class=\\\"\\\" href=\\\"http:\\\/\\\/era-edta2020.org\\\/\\\" target=\\\"_blank\\\" rel=\\\"nofollow noopener\\\">http:\\\/\\\/era-edta2020.org\\\/<\\\/a><\\\/div>\\n<\\\/li>\\n\n\n<li>\\n\n\n<div dir=\\\"ltr\\\" data-setdir=\\\"false\\\"><a class=\\\"\\\" href=\\\"http:\\\/\\\/somane.org\\\/\\\" target=\\\"_blank\\\" rel=\\\"nofollow noopener\\\">http:\\\/\\\/somane.org\\\/<\\\/a><\\\/div>\\n<\\\/li>\\n<\\\/ul>\"}}]}]}]}],\"version\":\"2.7.22\"} --><\/p>\n","protected":false},"excerpt":{"rendered":"<p>Formaci\u00f3n y Empleo Informaci\u00f3n accesible a trav\u00e9s de la web de las instituciones y\/o editoriales implicados Ofertas de empleo activas (se notificar\u00e1n a trav\u00e9s del portal de empleo madri+d; https:\/\/mcyt.educa.madrid.org\/empleo\/ofertas-destacadas\/) Oferta de empleo Personal investigador de apoyo Empresa: Universidad de Alcal\u00e1-P2022\/BMD7223-CIFRA_COR_CM Tipo de Contrato: Programas de Actividades de I+D de la CM (ref:53318) https:\/\/mcyt.educa.madrid.org\/empleo\/buscador\/oferta.asp \u201cAlteraciones [&hellip;]<\/p>\n","protected":false},"author":2,"featured_media":0,"parent":0,"menu_order":0,"comment_status":"closed","ping_status":"closed","template":"","meta":{"footnotes":""},"class_list":["post-567","page","type-page","status-publish","hentry"],"_links":{"self":[{"href":"https:\/\/cifra2-cm.com\/index.php\/wp-json\/wp\/v2\/pages\/567","targetHints":{"allow":["GET"]}}],"collection":[{"href":"https:\/\/cifra2-cm.com\/index.php\/wp-json\/wp\/v2\/pages"}],"about":[{"href":"https:\/\/cifra2-cm.com\/index.php\/wp-json\/wp\/v2\/types\/page"}],"author":[{"embeddable":true,"href":"https:\/\/cifra2-cm.com\/index.php\/wp-json\/wp\/v2\/users\/2"}],"replies":[{"embeddable":true,"href":"https:\/\/cifra2-cm.com\/index.php\/wp-json\/wp\/v2\/comments?post=567"}],"version-history":[{"count":24,"href":"https:\/\/cifra2-cm.com\/index.php\/wp-json\/wp\/v2\/pages\/567\/revisions"}],"predecessor-version":[{"id":873,"href":"https:\/\/cifra2-cm.com\/index.php\/wp-json\/wp\/v2\/pages\/567\/revisions\/873"}],"wp:attachment":[{"href":"https:\/\/cifra2-cm.com\/index.php\/wp-json\/wp\/v2\/media?parent=567"}],"curies":[{"name":"wp","href":"https:\/\/api.w.org\/{rel}","templated":true}]}}